{"id":7374,"date":"2015-08-18T10:02:51","date_gmt":"2015-08-18T09:02:51","guid":{"rendered":"http:\/\/wamabi.be\/site\/?page_id=7374"},"modified":"2021-02-22T12:22:26","modified_gmt":"2021-02-22T11:22:26","slug":"bibliovox-2","status":"publish","type":"page","link":"https:\/\/wamabi.be\/site\/bibliovox-2\/","title":{"rendered":"Bibliovox"},"content":{"rendered":"<p><a href=\"http:\/\/wamabi.be\/site\/?p=4623\" target=\"_blank\" rel=\"noopener\"><b>Bibliovox\u00a0: vie pratique, emploi, m\u00e9tiers, formations, tourisme et voyage<\/b><\/a><\/p>\n<p><a href=\"http:\/\/wamabi.be\/site\/wp-content\/bibliovox.jpg\"><img loading=\"lazy\" decoding=\"async\" class=\"alignnone size-medium wp-image-5982\" src=\"http:\/\/wamabi.be\/site\/wp-content\/bibliovox-300x172.jpg\" alt=\"bibliovox\" width=\"300\" height=\"172\" srcset=\"https:\/\/wamabi.be\/site\/wp-content\/bibliovox-300x172.jpg 300w, https:\/\/wamabi.be\/site\/wp-content\/bibliovox.jpg 360w\" sizes=\"auto, (max-width: 300px) 100vw, 300px\" \/><\/a><\/p>\n<p><a href=\"http:\/\/www.bibliovox.com\/\" target=\"_blank\" rel=\"noopener\">Bibliovox<\/a> est une biblioth\u00e8que num\u00e9rique qui contient des milliers d\u2019Ebooks disponibles 24h\/24. Plusieurs collections sont \u00e0 votre disposition: vie pratique, emploi, m\u00e9tiers, formations, tourisme et voyage. En plus de la consultation, Bibliovox permet d\u2019annoter vos lectures, partager vos id\u00e9es avec un groupe ou un biblioth\u00e9caire depuis votre biblioth\u00e8que ou depuis votre domicile.<\/p>\n<p><strong>Marche \u00e0 suivre\u00a0:<\/strong><b><\/b><\/p>\n<p>1. Rendez-vous dans votre biblioth\u00e8que ou sur <a href=\"http:\/\/www.wamabi.be\" target=\"_blank\" rel=\"noopener\">www.wamabi.be<\/a>, le site Internet des biblioth\u00e8ques de Waimes et Malmedy<\/p>\n<p>2. Cliquez sur l\u2019onglet \u00ab\u00a0Inscription en ligne \u00bb<\/p>\n<p>3. Remplissez les champs et cochez l\u2019onglet \u00ab\u00a0Je d\u00e9sire m\u2019inscrire \u00e0 la biblioth\u00e8que num\u00e9rique Bibliovox\u00a0\u00bb<\/p>\n<p>4. Recevez le mail de confirmation de votre inscription<\/p>\n<p>5. Rendez-vous sur le site <a href=\"http:\/\/www.bibliovox.com\" target=\"_blank\" rel=\"noopener\">www.bibliovox.com<\/a> et connectez-vous.<\/p>\n<p>6. Consultez sans limite les ouvrages de bibliovox depuis votre biblioth\u00e8que ou depuis n\u2019importe quelle connexion Internet sur votre Pc\/Mac ou tablette<\/p>\n","protected":false},"excerpt":{"rendered":"<p>Bibliovox\u00a0: vie pratique, emploi, m\u00e9tiers, formations, tourisme et voyage Bibliovox est une biblioth\u00e8que num\u00e9rique qui contient des milliers d\u2019Ebooks disponibles 24h\/24. Plusieurs collections sont \u00e0 votre disposition: vie pratique, emploi, m\u00e9tiers, formations, tourisme et voyage. En plus de la consultation, Bibliovox permet d\u2019annoter vos lectures, partager vos id\u00e9es avec un groupe ou un biblioth\u00e9caire depuis [&hellip;]<\/p>\n","protected":false},"author":6,"featured_media":0,"parent":0,"menu_order":0,"comment_status":"closed","ping_status":"closed","template":"","meta":{"_seopress_robots_primary_cat":"","_seopress_titles_title":"","_seopress_titles_desc":"","_seopress_robots_index":"","footnotes":""},"class_list":["post-7374","page","type-page","status-publish","czr-hentry"],"yoast_head":"<!-- This site is optimized with the Yoast SEO plugin v27.4 - https:\/\/yoast.com\/product\/yoast-seo-wordpress\/ -->\n<title>Bibliovox - Wamabi<\/title>\n<meta name=\"robots\" content=\"index, follow, max-snippet:-1, max-image-preview:large, max-video-preview:-1\" \/>\n<link rel=\"canonical\" href=\"https:\/\/wamabi.be\/site\/bibliovox-2\/\" \/>\n<meta property=\"og:locale\" content=\"fr_FR\" \/>\n<meta property=\"og:type\" content=\"article\" \/>\n<meta property=\"og:title\" content=\"Bibliovox - Wamabi\" \/>\n<meta property=\"og:description\" content=\"Bibliovox\u00a0: vie pratique, emploi, m\u00e9tiers, formations, tourisme et voyage Bibliovox est une biblioth\u00e8que num\u00e9rique qui contient des milliers d\u2019Ebooks disponibles 24h\/24. Plusieurs collections sont \u00e0 votre disposition: vie pratique, emploi, m\u00e9tiers, formations, tourisme et voyage. En plus de la consultation, Bibliovox permet d\u2019annoter vos lectures, partager vos id\u00e9es avec un groupe ou un biblioth\u00e9caire depuis [&hellip;]\" \/>\n<meta property=\"og:url\" content=\"https:\/\/wamabi.be\/site\/bibliovox-2\/\" \/>\n<meta property=\"og:site_name\" content=\"Wamabi\" \/>\n<meta property=\"article:modified_time\" content=\"2021-02-22T11:22:26+00:00\" \/>\n<meta property=\"og:image\" content=\"http:\/\/wamabi.be\/site\/wp-content\/bibliovox-300x172.jpg\" \/>\n<meta name=\"twitter:card\" content=\"summary_large_image\" \/>\n<meta name=\"twitter:label1\" content=\"Dur\u00e9e de lecture estim\u00e9e\" \/>\n\t<meta name=\"twitter:data1\" content=\"1 minute\" \/>\n<script type=\"application\/ld+json\" class=\"yoast-schema-graph\">{\"@context\":\"https:\\\/\\\/schema.org\",\"@graph\":[{\"@type\":\"WebPage\",\"@id\":\"https:\\\/\\\/wamabi.be\\\/site\\\/bibliovox-2\\\/\",\"url\":\"https:\\\/\\\/wamabi.be\\\/site\\\/bibliovox-2\\\/\",\"name\":\"Bibliovox - Wamabi\",\"isPartOf\":{\"@id\":\"https:\\\/\\\/wamabi.be\\\/site\\\/#website\"},\"primaryImageOfPage\":{\"@id\":\"https:\\\/\\\/wamabi.be\\\/site\\\/bibliovox-2\\\/#primaryimage\"},\"image\":{\"@id\":\"https:\\\/\\\/wamabi.be\\\/site\\\/bibliovox-2\\\/#primaryimage\"},\"thumbnailUrl\":\"http:\\\/\\\/wamabi.be\\\/site\\\/wp-content\\\/bibliovox-300x172.jpg\",\"datePublished\":\"2015-08-18T09:02:51+00:00\",\"dateModified\":\"2021-02-22T11:22:26+00:00\",\"breadcrumb\":{\"@id\":\"https:\\\/\\\/wamabi.be\\\/site\\\/bibliovox-2\\\/#breadcrumb\"},\"inLanguage\":\"fr-FR\",\"potentialAction\":[{\"@type\":\"ReadAction\",\"target\":[\"https:\\\/\\\/wamabi.be\\\/site\\\/bibliovox-2\\\/\"]}]},{\"@type\":\"ImageObject\",\"inLanguage\":\"fr-FR\",\"@id\":\"https:\\\/\\\/wamabi.be\\\/site\\\/bibliovox-2\\\/#primaryimage\",\"url\":\"https:\\\/\\\/wamabi.be\\\/site\\\/wp-content\\\/bibliovox.jpg\",\"contentUrl\":\"https:\\\/\\\/wamabi.be\\\/site\\\/wp-content\\\/bibliovox.jpg\",\"width\":360,\"height\":207},{\"@type\":\"BreadcrumbList\",\"@id\":\"https:\\\/\\\/wamabi.be\\\/site\\\/bibliovox-2\\\/#breadcrumb\",\"itemListElement\":[{\"@type\":\"ListItem\",\"position\":1,\"name\":\"Accueil\",\"item\":\"https:\\\/\\\/wamabi.be\\\/site\\\/\"},{\"@type\":\"ListItem\",\"position\":2,\"name\":\"Bibliovox\"}]},{\"@type\":\"WebSite\",\"@id\":\"https:\\\/\\\/wamabi.be\\\/site\\\/#website\",\"url\":\"https:\\\/\\\/wamabi.be\\\/site\\\/\",\"name\":\"Wamabi\",\"description\":\"Wamabi - Biblioth\u00e8ques de Waimes et de Malmedy\",\"publisher\":{\"@id\":\"https:\\\/\\\/wamabi.be\\\/site\\\/#organization\"},\"potentialAction\":[{\"@type\":\"SearchAction\",\"target\":{\"@type\":\"EntryPoint\",\"urlTemplate\":\"https:\\\/\\\/wamabi.be\\\/site\\\/?s={search_term_string}\"},\"query-input\":{\"@type\":\"PropertyValueSpecification\",\"valueRequired\":true,\"valueName\":\"search_term_string\"}}],\"inLanguage\":\"fr-FR\"},{\"@type\":\"Organization\",\"@id\":\"https:\\\/\\\/wamabi.be\\\/site\\\/#organization\",\"name\":\"Wamabi\",\"url\":\"https:\\\/\\\/wamabi.be\\\/site\\\/\",\"logo\":{\"@type\":\"ImageObject\",\"inLanguage\":\"fr-FR\",\"@id\":\"https:\\\/\\\/wamabi.be\\\/site\\\/#\\\/schema\\\/logo\\\/image\\\/\",\"url\":\"https:\\\/\\\/wamabi.be\\\/site\\\/wp-content\\\/cropped-cropped-Dragon-noir-et-blanc-transparent-carre-1.png\",\"contentUrl\":\"https:\\\/\\\/wamabi.be\\\/site\\\/wp-content\\\/cropped-cropped-Dragon-noir-et-blanc-transparent-carre-1.png\",\"width\":2321,\"height\":2321,\"caption\":\"Wamabi\"},\"image\":{\"@id\":\"https:\\\/\\\/wamabi.be\\\/site\\\/#\\\/schema\\\/logo\\\/image\\\/\"}}]}<\/script>\n<!-- \/ Yoast SEO plugin. -->","yoast_head_json":{"title":"Bibliovox - Wamabi","robots":{"index":"index","follow":"follow","max-snippet":"max-snippet:-1","max-image-preview":"max-image-preview:large","max-video-preview":"max-video-preview:-1"},"canonical":"https:\/\/wamabi.be\/site\/bibliovox-2\/","og_locale":"fr_FR","og_type":"article","og_title":"Bibliovox - Wamabi","og_description":"Bibliovox\u00a0: vie pratique, emploi, m\u00e9tiers, formations, tourisme et voyage Bibliovox est une biblioth\u00e8que num\u00e9rique qui contient des milliers d\u2019Ebooks disponibles 24h\/24. Plusieurs collections sont \u00e0 votre disposition: vie pratique, emploi, m\u00e9tiers, formations, tourisme et voyage. En plus de la consultation, Bibliovox permet d\u2019annoter vos lectures, partager vos id\u00e9es avec un groupe ou un biblioth\u00e9caire depuis [&hellip;]","og_url":"https:\/\/wamabi.be\/site\/bibliovox-2\/","og_site_name":"Wamabi","article_modified_time":"2021-02-22T11:22:26+00:00","og_image":[{"url":"http:\/\/wamabi.be\/site\/wp-content\/bibliovox-300x172.jpg","type":"","width":"","height":""}],"twitter_card":"summary_large_image","twitter_misc":{"Dur\u00e9e de lecture estim\u00e9e":"1 minute"},"schema":{"@context":"https:\/\/schema.org","@graph":[{"@type":"WebPage","@id":"https:\/\/wamabi.be\/site\/bibliovox-2\/","url":"https:\/\/wamabi.be\/site\/bibliovox-2\/","name":"Bibliovox - Wamabi","isPartOf":{"@id":"https:\/\/wamabi.be\/site\/#website"},"primaryImageOfPage":{"@id":"https:\/\/wamabi.be\/site\/bibliovox-2\/#primaryimage"},"image":{"@id":"https:\/\/wamabi.be\/site\/bibliovox-2\/#primaryimage"},"thumbnailUrl":"http:\/\/wamabi.be\/site\/wp-content\/bibliovox-300x172.jpg","datePublished":"2015-08-18T09:02:51+00:00","dateModified":"2021-02-22T11:22:26+00:00","breadcrumb":{"@id":"https:\/\/wamabi.be\/site\/bibliovox-2\/#breadcrumb"},"inLanguage":"fr-FR","potentialAction":[{"@type":"ReadAction","target":["https:\/\/wamabi.be\/site\/bibliovox-2\/"]}]},{"@type":"ImageObject","inLanguage":"fr-FR","@id":"https:\/\/wamabi.be\/site\/bibliovox-2\/#primaryimage","url":"https:\/\/wamabi.be\/site\/wp-content\/bibliovox.jpg","contentUrl":"https:\/\/wamabi.be\/site\/wp-content\/bibliovox.jpg","width":360,"height":207},{"@type":"BreadcrumbList","@id":"https:\/\/wamabi.be\/site\/bibliovox-2\/#breadcrumb","itemListElement":[{"@type":"ListItem","position":1,"name":"Accueil","item":"https:\/\/wamabi.be\/site\/"},{"@type":"ListItem","position":2,"name":"Bibliovox"}]},{"@type":"WebSite","@id":"https:\/\/wamabi.be\/site\/#website","url":"https:\/\/wamabi.be\/site\/","name":"Wamabi","description":"Wamabi - Biblioth\u00e8ques de Waimes et de Malmedy","publisher":{"@id":"https:\/\/wamabi.be\/site\/#organization"},"potentialAction":[{"@type":"SearchAction","target":{"@type":"EntryPoint","urlTemplate":"https:\/\/wamabi.be\/site\/?s={search_term_string}"},"query-input":{"@type":"PropertyValueSpecification","valueRequired":true,"valueName":"search_term_string"}}],"inLanguage":"fr-FR"},{"@type":"Organization","@id":"https:\/\/wamabi.be\/site\/#organization","name":"Wamabi","url":"https:\/\/wamabi.be\/site\/","logo":{"@type":"ImageObject","inLanguage":"fr-FR","@id":"https:\/\/wamabi.be\/site\/#\/schema\/logo\/image\/","url":"https:\/\/wamabi.be\/site\/wp-content\/cropped-cropped-Dragon-noir-et-blanc-transparent-carre-1.png","contentUrl":"https:\/\/wamabi.be\/site\/wp-content\/cropped-cropped-Dragon-noir-et-blanc-transparent-carre-1.png","width":2321,"height":2321,"caption":"Wamabi"},"image":{"@id":"https:\/\/wamabi.be\/site\/#\/schema\/logo\/image\/"}}]}},"_links":{"self":[{"href":"https:\/\/wamabi.be\/site\/wp-json\/wp\/v2\/pages\/7374","targetHints":{"allow":["GET"]}}],"collection":[{"href":"https:\/\/wamabi.be\/site\/wp-json\/wp\/v2\/pages"}],"about":[{"href":"https:\/\/wamabi.be\/site\/wp-json\/wp\/v2\/types\/page"}],"author":[{"embeddable":true,"href":"https:\/\/wamabi.be\/site\/wp-json\/wp\/v2\/users\/6"}],"replies":[{"embeddable":true,"href":"https:\/\/wamabi.be\/site\/wp-json\/wp\/v2\/comments?post=7374"}],"version-history":[{"count":4,"href":"https:\/\/wamabi.be\/site\/wp-json\/wp\/v2\/pages\/7374\/revisions"}],"predecessor-version":[{"id":11859,"href":"https:\/\/wamabi.be\/site\/wp-json\/wp\/v2\/pages\/7374\/revisions\/11859"}],"wp:attachment":[{"href":"https:\/\/wamabi.be\/site\/wp-json\/wp\/v2\/media?parent=7374"}],"curies":[{"name":"wp","href":"https:\/\/api.w.org\/{rel}","templated":true}]}}