{"id":7365,"date":"2015-08-18T10:12:24","date_gmt":"2015-08-18T09:12:24","guid":{"rendered":"http:\/\/wamabi.be\/site\/?page_id=7365"},"modified":"2026-01-17T12:16:48","modified_gmt":"2026-01-17T11:16:48","slug":"wamabi","status":"publish","type":"page","link":"https:\/\/wamabi.be\/site\/wamabi\/","title":{"rendered":"Wamabi"},"content":{"rendered":"<p><strong>LES BIBLIOTHEQUES<\/strong><\/p>\n<p><strong>Biblioth\u00e8que de Malmedy<\/strong>: <em>Place du Ch\u00e2telet, 7a \u00e0 4960 Malmedy &#8211; 080\/799930 &#8211; <\/em><a href=\"mailto:malmedy@wamabi.be\" target=\"_blank\" rel=\"noopener noreferrer\"><em>malmedy@wamabi.be<\/em><\/a><\/p>\n<p>Lundi : ferm\u00e9<br \/>\nMardi : de 9h \u00e0 18h<br \/>\nMercredi : de 9h \u00e0 19h<br \/>\nJeudi : de 9h \u00e0 14h<br \/>\nVendredi : de 9h \u00e0 18h<br \/>\nSamedi : de 9h \u00e0 16h<\/p>\n<p>Sur rendez-vous pour les \u00e9coles, associations et collectivit\u00e9s.<\/p>\n<p>Jours de fermeture (2026) : <strong>mardi 17\/02 (carnaval), 1, 2, 14, 15 et 16 mai, 21 juillet, 11 novembre, 24, 25, 26 et 31 d\u00e9cembre.<\/strong><\/p>\n<p>&nbsp;<\/p>\n<p><strong>Biblioth\u00e8que de Sourbrodt<\/strong>: <em>Rue de Botrange, 36 \u00e0 4950 Waimes &#8211; 080\/447586 &#8211; <\/em><a href=\"mailto:waimes@wamabi.be\" target=\"_blank\" rel=\"noopener noreferrer\"><em>waimes@wamabi.be<\/em><\/a><\/p>\n<p>Mercredi de 15h \u00e0 18h<br \/>\nVendredi de 15h \u00e0 18h<\/p>\n<p><strong>!! Horaire r\u00e9duit durant les cong\u00e9s scolaires<\/strong> (carnaval, printemps, \u00e9t\u00e9, automne et hiver) :<br \/>\nVendredi de 15h \u00e0 18h<\/p>\n<p>Sur rendez-vous pour les \u00e9coles, associations et collectivit\u00e9s<\/p>\n<p>Jours de fermeture (2026) : <strong>1<sup>er <\/sup><\/strong><b>&amp; 15 mai, 11 novembre, 25 d\u00e9cembre.<\/b><\/p>\n<p>&nbsp;<\/p>\n<p><strong>Biblioth\u00e8que de Waimes<\/strong>: <em>Rue de Malmedy, 1 \u00e0 4950 Waimes &#8211; 080\/448054 &#8211; <\/em><a href=\"mailto:waimes@wamabi.be\" target=\"_blank\" rel=\"noopener noreferrer\"><em>waimes@wamabi.be<\/em><\/a><\/p>\n<p>Lundi de 9h30 \u00e0 14h<br \/>\nMercredi de 9h30 \u00e0 18h<br \/>\nVendredi de 9h30 \u00e0 14h<br \/>\nSamedi de 9h30 \u00e0 12h30<\/p>\n<p><strong>!! Horaire r\u00e9duit durant les cong\u00e9s scolaires<\/strong> (carnaval, printemps, \u00e9t\u00e9, automne et hiver) :<br \/>\nMercredi de 12h \u00e0 18h<br \/>\nSamedi de 9h30 \u00e0 12h30<\/p>\n<p>Sur rendez-vous pour les \u00e9coles, associations et collectivit\u00e9s<\/p>\n<p>Jours de fermeture (2026) : <b>6 a<\/b><strong>vril, 1<sup>er <\/sup>, <\/strong><b>2, 15, 16 &amp; 25 mai, 15 ao\u00fbt, 2, 11 novembre, 25 &amp; 26 d\u00e9cembre .<\/b><\/p>\n","protected":false},"excerpt":{"rendered":"<p>LES BIBLIOTHEQUES Biblioth\u00e8que de Malmedy: Place du Ch\u00e2telet, 7a \u00e0 4960 Malmedy &#8211; 080\/799930 &#8211; malmedy@wamabi.be Lundi : ferm\u00e9 Mardi : de 9h \u00e0 18h Mercredi : de 9h \u00e0 19h Jeudi : de 9h \u00e0 14h Vendredi : de 9h \u00e0 18h Samedi : de 9h \u00e0 16h Sur rendez-vous pour les \u00e9coles, associations [&hellip;]<\/p>\n","protected":false},"author":6,"featured_media":7409,"parent":0,"menu_order":0,"comment_status":"closed","ping_status":"closed","template":"","meta":{"_seopress_robots_primary_cat":"","_seopress_titles_title":"","_seopress_titles_desc":"","_seopress_robots_index":"","footnotes":""},"class_list":["post-7365","page","type-page","status-publish","has-post-thumbnail","czr-hentry"],"yoast_head":"<!-- This site is optimized with the Yoast SEO plugin v27.4 - https:\/\/yoast.com\/product\/yoast-seo-wordpress\/ -->\n<title>Wamabi - Wamabi<\/title>\n<meta name=\"robots\" content=\"index, follow, max-snippet:-1, max-image-preview:large, max-video-preview:-1\" \/>\n<link rel=\"canonical\" href=\"https:\/\/wamabi.be\/site\/wamabi\/\" \/>\n<meta property=\"og:locale\" content=\"fr_FR\" \/>\n<meta property=\"og:type\" content=\"article\" \/>\n<meta property=\"og:title\" content=\"Wamabi - Wamabi\" \/>\n<meta property=\"og:description\" content=\"LES BIBLIOTHEQUES Biblioth\u00e8que de Malmedy: Place du Ch\u00e2telet, 7a \u00e0 4960 Malmedy &#8211; 080\/799930 &#8211; malmedy@wamabi.be Lundi : ferm\u00e9 Mardi : de 9h \u00e0 18h Mercredi : de 9h \u00e0 19h Jeudi : de 9h \u00e0 14h Vendredi : de 9h \u00e0 18h Samedi : de 9h \u00e0 16h Sur rendez-vous pour les \u00e9coles, associations [&hellip;]\" \/>\n<meta property=\"og:url\" content=\"https:\/\/wamabi.be\/site\/wamabi\/\" \/>\n<meta property=\"og:site_name\" content=\"Wamabi\" \/>\n<meta property=\"article:modified_time\" content=\"2026-01-17T11:16:48+00:00\" \/>\n<meta property=\"og:image\" content=\"https:\/\/wamabi.be\/site\/wp-content\/IMG_5564-250.jpg\" \/>\n\t<meta property=\"og:image:width\" content=\"375\" \/>\n\t<meta property=\"og:image:height\" content=\"250\" \/>\n\t<meta property=\"og:image:type\" content=\"image\/jpeg\" \/>\n<meta name=\"twitter:card\" content=\"summary_large_image\" \/>\n<meta name=\"twitter:label1\" content=\"Dur\u00e9e de lecture estim\u00e9e\" \/>\n\t<meta name=\"twitter:data1\" content=\"2 minutes\" \/>\n<script type=\"application\/ld+json\" class=\"yoast-schema-graph\">{\"@context\":\"https:\\\/\\\/schema.org\",\"@graph\":[{\"@type\":\"WebPage\",\"@id\":\"https:\\\/\\\/wamabi.be\\\/site\\\/wamabi\\\/\",\"url\":\"https:\\\/\\\/wamabi.be\\\/site\\\/wamabi\\\/\",\"name\":\"Wamabi - Wamabi\",\"isPartOf\":{\"@id\":\"https:\\\/\\\/wamabi.be\\\/site\\\/#website\"},\"primaryImageOfPage\":{\"@id\":\"https:\\\/\\\/wamabi.be\\\/site\\\/wamabi\\\/#primaryimage\"},\"image\":{\"@id\":\"https:\\\/\\\/wamabi.be\\\/site\\\/wamabi\\\/#primaryimage\"},\"thumbnailUrl\":\"https:\\\/\\\/wamabi.be\\\/site\\\/wp-content\\\/IMG_5564-250.jpg\",\"datePublished\":\"2015-08-18T09:12:24+00:00\",\"dateModified\":\"2026-01-17T11:16:48+00:00\",\"breadcrumb\":{\"@id\":\"https:\\\/\\\/wamabi.be\\\/site\\\/wamabi\\\/#breadcrumb\"},\"inLanguage\":\"fr-FR\",\"potentialAction\":[{\"@type\":\"ReadAction\",\"target\":[\"https:\\\/\\\/wamabi.be\\\/site\\\/wamabi\\\/\"]}]},{\"@type\":\"ImageObject\",\"inLanguage\":\"fr-FR\",\"@id\":\"https:\\\/\\\/wamabi.be\\\/site\\\/wamabi\\\/#primaryimage\",\"url\":\"https:\\\/\\\/wamabi.be\\\/site\\\/wp-content\\\/IMG_5564-250.jpg\",\"contentUrl\":\"https:\\\/\\\/wamabi.be\\\/site\\\/wp-content\\\/IMG_5564-250.jpg\",\"width\":375,\"height\":250},{\"@type\":\"BreadcrumbList\",\"@id\":\"https:\\\/\\\/wamabi.be\\\/site\\\/wamabi\\\/#breadcrumb\",\"itemListElement\":[{\"@type\":\"ListItem\",\"position\":1,\"name\":\"Accueil\",\"item\":\"https:\\\/\\\/wamabi.be\\\/site\\\/\"},{\"@type\":\"ListItem\",\"position\":2,\"name\":\"Wamabi\"}]},{\"@type\":\"WebSite\",\"@id\":\"https:\\\/\\\/wamabi.be\\\/site\\\/#website\",\"url\":\"https:\\\/\\\/wamabi.be\\\/site\\\/\",\"name\":\"Wamabi\",\"description\":\"Wamabi - Biblioth\u00e8ques de Waimes et de Malmedy\",\"publisher\":{\"@id\":\"https:\\\/\\\/wamabi.be\\\/site\\\/#organization\"},\"potentialAction\":[{\"@type\":\"SearchAction\",\"target\":{\"@type\":\"EntryPoint\",\"urlTemplate\":\"https:\\\/\\\/wamabi.be\\\/site\\\/?s={search_term_string}\"},\"query-input\":{\"@type\":\"PropertyValueSpecification\",\"valueRequired\":true,\"valueName\":\"search_term_string\"}}],\"inLanguage\":\"fr-FR\"},{\"@type\":\"Organization\",\"@id\":\"https:\\\/\\\/wamabi.be\\\/site\\\/#organization\",\"name\":\"Wamabi\",\"url\":\"https:\\\/\\\/wamabi.be\\\/site\\\/\",\"logo\":{\"@type\":\"ImageObject\",\"inLanguage\":\"fr-FR\",\"@id\":\"https:\\\/\\\/wamabi.be\\\/site\\\/#\\\/schema\\\/logo\\\/image\\\/\",\"url\":\"https:\\\/\\\/wamabi.be\\\/site\\\/wp-content\\\/cropped-cropped-Dragon-noir-et-blanc-transparent-carre-1.png\",\"contentUrl\":\"https:\\\/\\\/wamabi.be\\\/site\\\/wp-content\\\/cropped-cropped-Dragon-noir-et-blanc-transparent-carre-1.png\",\"width\":2321,\"height\":2321,\"caption\":\"Wamabi\"},\"image\":{\"@id\":\"https:\\\/\\\/wamabi.be\\\/site\\\/#\\\/schema\\\/logo\\\/image\\\/\"}}]}<\/script>\n<!-- \/ Yoast SEO plugin. -->","yoast_head_json":{"title":"Wamabi - Wamabi","robots":{"index":"index","follow":"follow","max-snippet":"max-snippet:-1","max-image-preview":"max-image-preview:large","max-video-preview":"max-video-preview:-1"},"canonical":"https:\/\/wamabi.be\/site\/wamabi\/","og_locale":"fr_FR","og_type":"article","og_title":"Wamabi - Wamabi","og_description":"LES BIBLIOTHEQUES Biblioth\u00e8que de Malmedy: Place du Ch\u00e2telet, 7a \u00e0 4960 Malmedy &#8211; 080\/799930 &#8211; malmedy@wamabi.be Lundi : ferm\u00e9 Mardi : de 9h \u00e0 18h Mercredi : de 9h \u00e0 19h Jeudi : de 9h \u00e0 14h Vendredi : de 9h \u00e0 18h Samedi : de 9h \u00e0 16h Sur rendez-vous pour les \u00e9coles, associations [&hellip;]","og_url":"https:\/\/wamabi.be\/site\/wamabi\/","og_site_name":"Wamabi","article_modified_time":"2026-01-17T11:16:48+00:00","og_image":[{"width":375,"height":250,"url":"https:\/\/wamabi.be\/site\/wp-content\/IMG_5564-250.jpg","type":"image\/jpeg"}],"twitter_card":"summary_large_image","twitter_misc":{"Dur\u00e9e de lecture estim\u00e9e":"2 minutes"},"schema":{"@context":"https:\/\/schema.org","@graph":[{"@type":"WebPage","@id":"https:\/\/wamabi.be\/site\/wamabi\/","url":"https:\/\/wamabi.be\/site\/wamabi\/","name":"Wamabi - Wamabi","isPartOf":{"@id":"https:\/\/wamabi.be\/site\/#website"},"primaryImageOfPage":{"@id":"https:\/\/wamabi.be\/site\/wamabi\/#primaryimage"},"image":{"@id":"https:\/\/wamabi.be\/site\/wamabi\/#primaryimage"},"thumbnailUrl":"https:\/\/wamabi.be\/site\/wp-content\/IMG_5564-250.jpg","datePublished":"2015-08-18T09:12:24+00:00","dateModified":"2026-01-17T11:16:48+00:00","breadcrumb":{"@id":"https:\/\/wamabi.be\/site\/wamabi\/#breadcrumb"},"inLanguage":"fr-FR","potentialAction":[{"@type":"ReadAction","target":["https:\/\/wamabi.be\/site\/wamabi\/"]}]},{"@type":"ImageObject","inLanguage":"fr-FR","@id":"https:\/\/wamabi.be\/site\/wamabi\/#primaryimage","url":"https:\/\/wamabi.be\/site\/wp-content\/IMG_5564-250.jpg","contentUrl":"https:\/\/wamabi.be\/site\/wp-content\/IMG_5564-250.jpg","width":375,"height":250},{"@type":"BreadcrumbList","@id":"https:\/\/wamabi.be\/site\/wamabi\/#breadcrumb","itemListElement":[{"@type":"ListItem","position":1,"name":"Accueil","item":"https:\/\/wamabi.be\/site\/"},{"@type":"ListItem","position":2,"name":"Wamabi"}]},{"@type":"WebSite","@id":"https:\/\/wamabi.be\/site\/#website","url":"https:\/\/wamabi.be\/site\/","name":"Wamabi","description":"Wamabi - Biblioth\u00e8ques de Waimes et de Malmedy","publisher":{"@id":"https:\/\/wamabi.be\/site\/#organization"},"potentialAction":[{"@type":"SearchAction","target":{"@type":"EntryPoint","urlTemplate":"https:\/\/wamabi.be\/site\/?s={search_term_string}"},"query-input":{"@type":"PropertyValueSpecification","valueRequired":true,"valueName":"search_term_string"}}],"inLanguage":"fr-FR"},{"@type":"Organization","@id":"https:\/\/wamabi.be\/site\/#organization","name":"Wamabi","url":"https:\/\/wamabi.be\/site\/","logo":{"@type":"ImageObject","inLanguage":"fr-FR","@id":"https:\/\/wamabi.be\/site\/#\/schema\/logo\/image\/","url":"https:\/\/wamabi.be\/site\/wp-content\/cropped-cropped-Dragon-noir-et-blanc-transparent-carre-1.png","contentUrl":"https:\/\/wamabi.be\/site\/wp-content\/cropped-cropped-Dragon-noir-et-blanc-transparent-carre-1.png","width":2321,"height":2321,"caption":"Wamabi"},"image":{"@id":"https:\/\/wamabi.be\/site\/#\/schema\/logo\/image\/"}}]}},"_links":{"self":[{"href":"https:\/\/wamabi.be\/site\/wp-json\/wp\/v2\/pages\/7365","targetHints":{"allow":["GET"]}}],"collection":[{"href":"https:\/\/wamabi.be\/site\/wp-json\/wp\/v2\/pages"}],"about":[{"href":"https:\/\/wamabi.be\/site\/wp-json\/wp\/v2\/types\/page"}],"author":[{"embeddable":true,"href":"https:\/\/wamabi.be\/site\/wp-json\/wp\/v2\/users\/6"}],"replies":[{"embeddable":true,"href":"https:\/\/wamabi.be\/site\/wp-json\/wp\/v2\/comments?post=7365"}],"version-history":[{"count":47,"href":"https:\/\/wamabi.be\/site\/wp-json\/wp\/v2\/pages\/7365\/revisions"}],"predecessor-version":[{"id":15007,"href":"https:\/\/wamabi.be\/site\/wp-json\/wp\/v2\/pages\/7365\/revisions\/15007"}],"wp:featuredmedia":[{"embeddable":true,"href":"https:\/\/wamabi.be\/site\/wp-json\/wp\/v2\/media\/7409"}],"wp:attachment":[{"href":"https:\/\/wamabi.be\/site\/wp-json\/wp\/v2\/media?parent=7365"}],"curies":[{"name":"wp","href":"https:\/\/api.w.org\/{rel}","templated":true}]}}